he greatest common factor of q and 221.
17
Suppose 8*m = 248 + 456. Calculate the highest common factor of 132 and m.
44
Let h(r) = -3*r**3 - 71*r**2 + 21*r - 12. Let x be h(-24). Calculate the highest common factor of x and 12.
12
Let h(d) = -d**3 - 7*d**2 - 8*d + 4. Let n be h(-6). Calculate the greatest common divisor of n and 256.
16
Suppose -5*g = -0*g - 30. Let w be (g/5)/(24/80). Calculate the highest common factor of w and 1.
1
Let z(v) = 92*v + 11. Let b be z(8). What is the highest common divisor of b and 83?
83
Suppose 21 = 2330*x - 2323*x. Calculate the highest common factor of x and 10.
1
Let s(t) = -t**3 - 10*t**2 + 13*t + 7. Let b be s(-11). Let d = -24 - b. Let i = -1 - d. Calculate the highest common factor of i and 72.
8
Let b = 795 - 223. Suppose b = 3*g + 8*g. What is the greatest common divisor of g and 4?
4
Let p = -57 - -81. Let t(l) = l**3 + 9*l**2 - 21*l + 14. Let n be t(-11). Let w be (-29 + 5)*(-2)/n. Calculate the greatest common divisor of p and w.
8
Let f be 61 + 2/2 + -2. Let d(n) = -n**3 - 23*n**2 + 26*n + 19. Let a be d(-24). Let w = a - -41. Calculate the highest common factor of f and w.
12
Suppose -846 = -122*p + 9158. What is the greatest common divisor of p and 1763?
41
Let f = 22 + -17. Suppose 0 = -2*m + f*n - 2 - 3, 0 = 3*m - n - 12. Let y = m + 14. Calculate the highest common divisor of 38 and y.
19
Suppose -o = o - 12. Suppose f - 39 = 3*r, 3*r + r - 12 = 0. Calculate the highest common factor of f and o.
6
Let d = 403 + -263. Calculate the greatest common factor of d and 20.
20
Let f = -62 + 70. What is the greatest common factor of 40 and f?
8
Let z(s) = 35*s**3 + 2*s**2 - 4*s + 1. Let k be z(1). Calculate the greatest common factor of k and 238.
34
Suppose -5*j + 202 = -2*p, -5*j - 5*p = -32 - 163. Calculate the highest common factor of j and 80.
40
Let s(a) = -a**2 - 18*a - 19. Suppose 3*h - 2*h = -2*g - 25, 3*h + 3*g = -60. Let z = h - 1. Let m be s(z). What is the greatest common factor of 13 and m?
13
Suppose -18*q + 219 + 123 = 0. What is the highest common divisor of q and 76?
19
Let a = -841 - -1241. What is the greatest common factor of 50 and a?
50
Let c(g) = -13*g + 115. Let o be c(7). What is the highest common divisor of o and 9?
3
Let t(l) = 2*l**3 - 3*l**2 + 14*l - 37. Let n be t(6). What is the highest common factor of 7 and n?
7
Suppose -525 = 6*v - 1539. Suppose -143 + 39 = -8*w. Calculate the highest common divisor of v and w.
13
Let k = -753 + 2778. What is the greatest common divisor of 75 and k?
75
Let l be 83 + -4 - (7 - (-6)/(-3)). What is the greatest common divisor of 962 and l?
74
Let x = 1142 - 1049. What is the greatest common factor of x and 93?
93
Let y(b) = b**3 + 8*b**2 + 2*b - 24. Let t be y(-7). Calculate the greatest common divisor of 19 and t.
1
Let w(p) = -7*p + 38. Let f be w(-12). Let v = f - 74. What is the highest common factor of v and 120?
24
Suppose -5*y + 115 + 5 = 0. Suppose -3*j = 2*j - 10. Suppose -v = -5*v - 2*t + 34, -2*t = j*v - 18. What is the greatest common divisor of y and v?
8
Suppose 39*i = 23*i + 160. Calculate the greatest common divisor of i and 290.
10
Suppose 10*n + n = 209. What is the highest common divisor of n and 323?
19
Let m be -15 - (-3 + 0 - -3). Suppose -2*u = 4*q + 24, -3*q - 6 - 12 = -4*u. Let w = q - m. What is the greatest common factor of w and 72?
9
Let w(p) = 4*p**2 - 2*p. Let o be w(2). Let i = 69 - 66. What is the highest common divisor of o and i?
3
Let s = -148 - -230. Calculate the highest common factor of 164 and s.
82
Let b(u) = 76*u + 463. Let q be b(-6). Calculate the highest common divisor of 49 and q.
7
Suppose -j + 61 = -2*j. Let y = j + 101. What is the highest common factor of y and 10?
10
Suppose -231 = -5*r + f + 2*f, -r + 43 = f. Calculate the highest common divisor of 240 and r.
15
Suppose 0 = -r + 37 + 47. What is the highest common divisor of r and 378?
42
Let f = 198 - 138. What is the highest common factor of 84 and f?
12
Let b(u) = -u**2 - 6*u - 3. Let j be b(-4). Suppose 0 = j*t - 19 - 91. Suppose 634 = 6*s + 238. Calculate the greatest common divisor of t and s.
22
Let b = 2 - 1. Let u = 56 - 51. Suppose -4*x + 29 - 8 = u*a, 36 = 5*x + 3*a. Calculate the greatest common factor of b and x.
1
Suppose 0 = -457*m + 453*m + 112. Calculate the highest common factor of 2828 and m.
28
Let b be -2*(0 + (-65)/2). Suppose 61*g = -64 + 857. What is the greatest common divisor of g and b?
13
Let w(l) = -l**3 - 9*l**2 - 16*l - 2. Let u(i) = i**3 - 7*i**2 - 8. Let f be u(7). Let q be w(f). Calculate the greatest common factor of q and 93.
31
Let p = -190 - -204. What is the highest common factor of 238 and p?
14
Suppose a - 2 - 4 = 0. Let l(m) = 3*m - 5. Let j be l(a). What is the highest common factor of 65 and j?
13
Suppose 0 = -x - 4 - 0. Let g be (6/x)/((-39)/(-52)) - -8. Let a = -6 + 12. What is the greatest common factor of a and g?
6
Let j be (-5 - (-125)/15)*(-312)/(-5). Calculate the greatest common factor of 32 and j.
16
Let b = 280 + -200. Calculate the greatest common divisor of 20 and b.
20
Suppose k - 25 = 23. Suppose -o + 8 = 3*o. Suppose -2*n = -4*x + 54, 2*x + o*n - 30 = -x. What is the greatest common divisor of k and x?
12
Let a = 256 - 171. Suppose -2*b = 4*r - 30, r - 4*r = -5*b + 88. What is the greatest common factor of a and b?
17
Let k(b) = -b**3 - 9*b**2 + 12*b - 21. Let u be k(-10). Let c = u - -43. Calculate the highest common divisor of c and 6.
2
Let o be (-6)/3 + -2 + 108. Let m(u) = -u + 16. Suppose 2*h = 4*h - 6. Let w be m(h). Calculate the greatest common factor of w and o.
13
Suppose -4*f + 0*z - 4*z = -28, 4*f - 26 = -5*z. Suppose -f*k + 5*k = -60. What is the greatest common divisor of 5 and k?
5
Let h = -40 - -40. Suppose -3*u = 3*v - 18 - 27, -2*v - u + 30 = h. Calculate the highest common divisor of v and 120.
15
Suppose 0*h - 4*k + 66 = 5*h, -3*h + 3*k + 45 = 0. Let g = -8 - -54. Let m = g + -11. Calculate the greatest common factor of h and m.
7
Let b = -28 + 30. Suppose 0 = -3*l + b*k + 136, k + 0*k - 196 = -4*l. What is the highest common divisor of 6 and l?
6
Let n(y) = 20*y - 114. Let w be n(12). What is the greatest common divisor of 315 and w?
63
Suppose -2*n - 231 = 3*i, -3*n - 3*i = 150 + 198. Let l be n*(-1 + (-10)/(-15)). Let p be 1/(-1) - 81/(-3). What is the highest common factor of l and p?
13
Let o be (1 + -31)*(-8)/6. Suppose -4*x - 6*x + o = 0. Calculate the highest common factor of x and 6.
2
Let c(b) = b**3 + 4*b**2 - 195*b + 18. Let j be c(14). What is the highest common divisor of j and 306?
102
Let w(i) = 7*i - 76. Suppose -5*q - 26 = -7*q. Let d be w(q). Calculate the greatest common factor of d and 9.
3
Let z be (30/(-4))/(1/2). Let j = z - -31. Let w be (-2)/5 + 164/10. What is the greatest common divisor of j and w?
16
Let u be (-482)/(-5) - (-3)/5. Suppose -96*o - 38 = -u*o. Calculate the greatest common divisor of 2 and o.
2
Suppose 16*g + 7*g = 1081. What is the highest common factor of 47 and g?
47
Let f(w) = w**2 + w - 33. Let n be f(7). Calculate the highest common factor of 1 and n.
1
Let l be -15*3/(60/(-16)). Suppose 0 = 4*p + l - 52. Let f be (-10)/(-4) + p/(-20). What is the greatest common factor of f and 18?
2
Suppose 9*a + 1 = -8. Suppose 0 = -3*m - 0*m - 5*x - 27, 4*x = -4*m - 36. Let t = a - m. Calculate the highest common divisor of 64 and t.
8
Let u(v) = v**2 + v + 2. Let r(i) = 4*i**2 + 20*i - 28. Let d(s) = r(s) - 5*u(s). Let w be d(6). What is the greatest common factor of w and 176?
16
Suppose -3*l = 5*g + 2 - 115, 5*g - l - 109 = 0. Let q be ((-385)/g)/((-2)/4). Calculate the greatest common factor of q and 7.
7
Let i(l) = 7 - 8*l**2 + 3*l + 1 + 3*l + 9*l**2. Let h be i(-6). Calculate the highest common factor of 72 and h.
8
Let u(t) = 6*t**2 - 94*t - 21. Let y be u(16). What is the highest common factor of y and 1375?
11
Let y = 9 - 8. Let r(q) = 36*q + 1. Let b be r(y). Calculate the highest common factor of 333 and b.
37
Let h(d) = d**2 - 4*d + 2. Let f be h(4). Suppose -8 = 2*r - 2*w, -5*r + f*w = -2*w + 15. Calculate the greatest common factor of 1 and r.
1
Let b(c) be the third derivative of -c**4/24 + 25*c**3/6 + 4*c**2. Let h be b(-17). Calculate the highest common factor of 6 and h.
6
Let l be 6/(-4)*(-268)